{"id":9,"date":"2012-03-18T13:53:38","date_gmt":"2012-03-18T12:53:38","guid":{"rendered":"http:\/\/booking.vardefotoklub.dk\/?page_id=9"},"modified":"2024-10-23T22:09:59","modified_gmt":"2024-10-23T20:09:59","slug":"fotoaktiviteter","status":"publish","type":"page","link":"http:\/\/vardefotoklub.dk\/?page_id=9","title":{"rendered":"Klubaftener"},"content":{"rendered":"<p>M\u00f8detider :<\/p>\n<p>Vi m\u00f8des hver onsdag kl. 19.00 med mindre andet fremg\u00e5r af programmet.<\/p>\n<p>Faste aftener til fotoaktiviteter er onsdage i hver anden uge i vores m\u00f8delokale ved Det gamle Sygehus i Varde<\/p>\n<p>I modsatte uger har vi andre aktiviteter, herunder de formelle m\u00f8der med forskellige informationer, gensidig billedkritik, eventuelle foredrag og m\u00e5ske gruppearbejder omkring vore forskellige redigeringsprogrammer. Her initieres og planl\u00e6gges muligvis aktiviteter for de n\u00e6ste m\u00e5neder.<br \/>\nSe n\u00e6rmere herom i vores Facebook gruppe.<\/p>\n<p>Vel m\u00f8dt !<\/p>\n","protected":false},"excerpt":{"rendered":"<p>M\u00f8detider : Vi m\u00f8des hver onsdag kl. 19.00 med mindre andet fremg\u00e5r af programmet. Faste aftener til fotoaktiviteter er onsdage i hver anden uge i vores m\u00f8delokale ved Det gamle Sygehus i Varde I modsatte uger har vi andre aktiviteter, herunder de formelle m\u00f8der med forskellige informationer, gensidig billedkritik, eventuelle foredrag og m\u00e5ske gruppearbejder omkring [&hellip;]<\/p>\n","protected":false},"author":1,"featured_media":0,"parent":0,"menu_order":0,"comment_status":"closed","ping_status":"open","template":"","meta":[],"_links":{"self":[{"href":"http:\/\/vardefotoklub.dk\/index.php?rest_route=\/wp\/v2\/pages\/9"}],"collection":[{"href":"http:\/\/vardefotoklub.dk\/index.php?rest_route=\/wp\/v2\/pages"}],"about":[{"href":"http:\/\/vardefotoklub.dk\/index.php?rest_route=\/wp\/v2\/types\/page"}],"author":[{"embeddable":true,"href":"http:\/\/vardefotoklub.dk\/index.php?rest_route=\/wp\/v2\/users\/1"}],"replies":[{"embeddable":true,"href":"http:\/\/vardefotoklub.dk\/index.php?rest_route=%2Fwp%2Fv2%2Fcomments&post=9"}],"version-history":[{"count":31,"href":"http:\/\/vardefotoklub.dk\/index.php?rest_route=\/wp\/v2\/pages\/9\/revisions"}],"predecessor-version":[{"id":2133,"href":"http:\/\/vardefotoklub.dk\/index.php?rest_route=\/wp\/v2\/pages\/9\/revisions\/2133"}],"wp:attachment":[{"href":"http:\/\/vardefotoklub.dk\/index.php?rest_route=%2Fwp%2Fv2%2Fmedia&parent=9"}],"curies":[{"name":"wp","href":"https:\/\/api.w.org\/{rel}","templated":true}]}}